composite?
True
Is 489752381 a composite number?
False
Is 102931393 composite?
True
Is 415785691 a composite number?
False
Is 5510287483 composite?
False
Is 882787111 composite?
True
Is 1872629251 a prime number?
False
Is 638847739 composite?
False
Is 433941199 prime?
True
Is 2702577323 a composite number?
False
Is 3427834703 composite?
True
Is 1286590411 a composite number?
False
Is 627094051 a prime number?
False
Is 1594989047 a prime number?
False
Is 2547513389 a composite number?
True
Is 21412772701 a prime number?
True
Is 24237639241 a prime number?
True
Is 4790334529 a composite number?
False
Is 221813369 composite?
True
Is 539203667 composite?
False
Is 248486591 composite?
True
Is 179393189 prime?
True
Is 21960982441 composite?
True
Is 4852171043 composite?
True
Is 1730211913 composite?
False
Is 537653969 a composite number?
True
Is 1899703457 a prime number?
True
Is 883654637 composite?
True
Is 814515959 composite?
True
Is 365705969 prime?
False
Is 1949985133 composite?
True
Is 703994855 prime?
False
Is 591523511 a composite number?
False
Is 440499742 composite?
True
Is 450700483 composite?
False
Is 83148647819 a prime number?
True
Is 21567694493 a prime number?
True
Is 79465222 prime?
False
Is 87508610341 a prime number?
True
Is 52422273643 a prime number?
True
Is 5939711555 composite?
True
Is 400503307 a prime number?
True
Is 4586297591 prime?
False
Is 3894626537 prime?
True
Is 4519480001 prime?
True
Is 2009005931 a composite number?
True
Is 3045184591 composite?
True
Is 355922291 prime?
False
Is 9783266279 composite?
False
Is 32925310329 composite?
True
Is 50909468059 a prime number?
False
Is 4692984119 prime?
True
Is 1980801337 a composite number?
False
Is 3705915379 a composite number?
True
Is 1477953979 a composite number?
False
Is 5658251 a composite number?
False
Is 772788469 prime?
False
Is 153999493061 a prime number?
True
Is 1175223557 prime?
True
Is 953839987 a composite number?
False
Is 161521253 a composite number?
True
Is 40638657679 prime?
False
Is 3786946127 a prime number?
True
Is 372017413 a prime number?
True
Is 12004012859 a prime number?
False
Is 180237262529 a prime number?
True
Is 8344418473 a composite number?
True
Is 25436596727 prime?
True
Is 6527633041 a prime number?
False
Is 71006944247 a composite number?
True
Is 36874984415 a prime number?
False
Is 45730832149 prime?
True
Is 620101283 prime?
True
Is 128319733 a composite number?
False
Is 2805317461 a prime number?
True
Is 68181102039 a composite number?
True
Is 10348925557 a prime number?
True
Is 32377486691 composite?
True
Is 145248949 prime?
False
Is 24707134363 prime?
False
Is 2183265421 a composite number?
False
Is 266427631 composite?
True
Is 54998041469 a prime number?
False
Is 3683296189 prime?
True
Is 23901421007 a prime number?
False
Is 7336700543 a prime number?
False
Is 43109647313 composite?
True
Is 87322082569 a prime number?
True
Is 40155944641 a composite number?
True
Is 26518370971 composite?
False
Is 1656751309 a composite number?
True
Is 7072369303 prime?
True
Is 4356777709 a composite number?
True
Is 18147372281 composite?
True
Is 89747190899 composite?
False
Is 8626271809 composite?
False
Is 173120261 a prime number?
False
Is 1709977511 a composite number?
True
Is 542157347 a composite number?
True
Is 680058389 a prime number?
True
Is 810045559 prime?
True
Is 30340504861 composite?
True
Is 563626171 prime?
True
Is 1031147797 a composite number?
False
Is 61406936527 prime?
False
Is 1297261187 composite?
True
Is 52364237 a composite number?
True
Is 101997867 a composite number?
True
Is 1075842331 composite?
True
Is 3783581345 prime?
False
Is 77358522247 composite?
True
Is 12698329409 a composite number?
False
Is 2981293691 a prime number?
False
Is 48283315181 prime?
True
Is 1387498613 composite?
False
Is 33704010551 prime?
False
Is 1330076569 a composite number?
True
Is 310410233 composite?
True
Is 12914632979 a prime number?
True
Is 24649424897 a composite number?
False
Is 16573481263 a composite number?
True
Is 169463539 a composite number?
True
Is 1670481451 prime?
True
Is 10690306013 prime?
True
Is 20998871471 composite?
False
Is 15483717517 prime?
True
Is 24671411839 a composite number?
False
Is 19728566621 a composite number?
False
Is 215208197 a composite number?
False
Is 612847453 a prime number?
True
Is 610818781 a prime number?
False
Is 1682842163 a prime number?
True
Is 11393972501 prime?
True
Is 4175968031 a composite number?
False
Is 1257107087 a composite number?
True
Is 10698487883 prime?
True
Is 1608565103 a prime number?
True
Is 13071658237 prime?
False
Is 398008571 a composite number?
False
Is 16975285221 composite?
True
Is 3001534529 composite?
True
Is 14682038421 a prime number?
False
Is 813441386 a composite number?
True
Is 78345790109 prime?
True
Is 447660049 a prime number?
False
Is 1733860417 a prime number?
True
Is 646151851 a composite number?
False
Is 2155506973 a prime number?
False
Is 36039654479 prime?
True
Is 635461591 prime?
False
Is 53536406207 composite?
False
Is 41530866361 composite?
False
Is 11195410397 a composite number?
False
Is 102658333529 a prime number?
True
Is 3612452981 composite?
True
Is 177675695861 a prime number?
False
Is 1954974863 a prime number?
True
Is 2414408937 a composite number?
True
Is 4934487529 prime?
True
Is 5505168386 composite?
True
Is 220667980103 composite?
False
Is 15853373729 composite?
True
Is 167221643 prime?
False
Is 28774518809 a prime number?
True
Is 155739539 prime?
False
Is 2000142017 a prime number?
True
Is 8888153957 a composite number?
True
Is 106281031679 prime?
True
Is 611960263 composite?
False
Is 6178466551 a prime number?
True
Is 19189574069 composite?
True
Is 6557677523 composite?
False
Is 25941176717 prime?
True
Is 54295348105 a composite number?
True
Is 48537096523 prime?
False
Is 7338950297 a composite number?
True
Is 480832571 a prime number?
True
Is 80920955769 a prime number?
False
Is 11813270813 a prime number?
False
Is 12843527171 composite?
False
Is 3846699357 a composite number?
True
Is 13036739197 composite?
False
Is 11045054551 composite?
True
Is 7630576069 prime?
True
Is 474621437 prime?
False
Is 1716644159 a prime number?
True
Is 17217367249 prime?
True
Is 764377577 a composite number?
False
Is 64153981 a prime number?
True
Is 975936571 a composite number?
True
Is 19439620853 composite?
True
Is 757885847 prime?
True
Is 4882978999 a prime number?
False
Is 357046541 a composite number?
False
Is 11298971363 composite?
False
Is 26084039747 prime?
False
Is 415098147 prime?
False
Is 4654123459 a prime number?
True
Is 6356868659 prime?
True
Is 10611416843 prime?
True
Is 357057959 composite?
True
Is 4500230671 a prime number?
True
Is 2899015187 a prime number?
False
Is 2466433 a prime number?
True
Is 33261139735 composite?
True
Is 1253311387 prime?
False
Is 3034321009 prime?
False
Is 8839471501 a prime number?
False
Is 921769711 a composite number?
True
Is 27977292323 composite?
False
Is 3491593849 composite?
False
Is 304743077 a composite number?
True
Is 2132300879 composite?
True
Is 129413099 composite?
False
Is 12879508051 composite?
True
Is 253751243843 a prime number?
True
Is 1380335497 a prime number?
False
Is 2908495937 a prime number?
True
Is 922221187 a composite number?
True
Is 2524555961 composite?
False
Is 112096301 composite?
True
Is 2159110603 prime?
False
Is 124369957 prime?
False
Is 4434912653 a prime number?
False
Is 931375567 composite?
False
Is 2729714303 a composite number?
False
Is 11801213 a composite number?
True
Is 4882117846 a composite number?
True
Is 87068844791 prime?
False
Is 13246019053 a prime number?
False
Is 23091408127 a composite number?
False
Is 1789603147 prime?
True
Is 8320568387 a composite number?
False
Is 2123145779 a prime number?
True
Is 904776787 a composite number?
True
Is 1935291433 prime?
True
Is 13049761381 prime?
True
Is 33722890298 composite?
True
Is 364704137 composite?
True
Is 1193199937 a composite number?
True
Is 280250467 a composite number?
True
Is 777606013 prime?
False
Is 37579845341 prime?
False
Is 6403711003 composite?
False
Is 392513003 composite?
False
Is 1371553921 a prime number?
False
Is 638223913 a composite number?
False
Is 1996011851 a composite number?
True
Is 572132303 prime